 -j + 336. Suppose 4*y + 5*z = 141, 4*z - 36 = -2*y + j. What is the units digit of y?
9
Let h = -26 + 35. Let x = 14 - h. Suppose t - 45 = x. What is the tens digit of t?
5
Let s = 2286 + -738. What is the tens digit of s?
4
Suppose 16*l = 18*l - 818. What is the units digit of l?
9
Let t(s) = -23*s - 92. What is the tens digit of t(-11)?
6
Suppose -5*w + 455 = t + 1985, w + 306 = 4*t. Let p = w - -437. What is the tens digit of p?
3
Let l = 95 + -34. Let a = -32 + l. What is the units digit of a?
9
Suppose -3*b + 2*t = 725, -5*t = -31 + 11. Let z = 346 + b. What is the units digit of z?
7
Let y(l) = 136*l**2 - 2*l - 2. What is the tens digit of y(-1)?
3
Let c(l) = -3*l**2 - 17*l - 51. Let v be c(-13). Let x = -148 - v. What is the hundreds digit of x?
1
Let n = -1610 - -2725. What is the thousands digit of n?
1
Let o = 1946 + -1163. Suppose -2*d + 5*d - o = 0. What is the units digit of d?
1
Suppose 0 = -p - 5*j + 694, -1682 = -5*p - j + 1836. What is the units digit of p?
4
Suppose 0 = 2*i + 3*r - 484, -3*r - 186 = -2*i + 322. Suppose 3*u + u = i. What is the units digit of u?
2
Suppose 0 = -3*t + y + 101, 2*t - 7*t + 171 = -3*y. What is the tens digit of t?
3
What is the units digit of (5 - (-92)/(-20))/(1/165)?
6
Suppose -2338 = -5*m - 4*t, -t = -3*m + t + 1416. What is the units digit of m?
0
Let p be (-1398)/(-9)*(-18)/(-12). Let r = p + -58. What is the hundreds digit of r?
1
Let c(k) = k - 3. Let j be 65/9 + 4/(-18). What is the units digit of c(j)?
4
Let a = -95 - -231. Let b = a - 44. Let k = 147 - b. What is the units digit of k?
5
Let z be (-7)/(-4) - (-12)/48. Suppose -5*t + t - 22 = -5*r, -z*t + 22 = 3*r. What is the units digit of r?
6
Let t = 5 - -2. Let y(z) = z**3 - 8*z**2 + 9*z - 10. Let k be y(t). What is the units digit of k/3 - (-5)/(-15)?
1
Suppose -197*g = -227*g + 118770. What is the thousands digit of g?
3
Let d be -1437*(-2)/3*3/6. Let t = -291 + d. What is the hundreds digit of t?
1
Let x = -5 + 9. Let h(k) = k**2 - 4*k. Let q be h(x). Suppose q = -4*a + 32 + 52. What is the units digit of a?
1
Suppose -1912 = -14*d + 6*d. What is the hundreds digit of d?
2
Let a be 1 + 10/(-7) - (-33)/(-21). What is the hundreds digit of (a - (0 + 2)) + 287?
2
What is the tens digit of (-14608)/(-20) - (52/(-20) - -2)?
3
Let a = -8 - -8. Suppose -2*d + 4*s = 0, -d = -a*s + s. Suppose d = 2*w + 4*m - 24, -4*m = -3*w - m. What is the units digit of w?
4
Let w = -44 + 41. Let k(i) = -2*i**3 + 4*i**2 + 1. What is the tens digit of k(w)?
9
Let v(u) = -13*u**3 + 9*u + 2. What is the units digit of v(-4)?
8
Let c(k) = -5*k + 2. Let w(r) = -4*r + 1. Let z(g) = 5*c(g) - 6*w(g). Suppose -m = 2*m - 6. What is the units digit of z(m)?
2
Let p = -11 + 14. Let f(x) = 0 + 3*x**2 + x**p - 5 - x + 1 + 3*x**2. What is the units digit of f(-6)?
2
Let c = 41 - 17. Suppose d - 3*q = 0, -6*d + 4*q + c = -2*d. What is the units digit of d?
9
Suppose 0 = 4*h + 3*w - 0*w - 17, 0 = 3*h + 3*w - 15. Suppose -2*r - h = -16. Let b(y) = y**3 - 7*y**2 + 3*y - 2. What is the units digit of b(r)?
9
Let u = 1191 + -672. What is the units digit of u?
9
Suppose 3*z + 32 - 44 = 0. Suppose t + 449 = z*l, 2*l = -5*t - 0*t + 241. What is the tens digit of l?
1
Suppose 8 - 11 = m. Let a be m - (-2 + 2 + 0). What is the units digit of (a/6)/(3/(-108))?
8
Let b be (4 - 1)/(3/(-7)). What is the units digit of -4*(b/(-2) - 4) + 166?
8
Let c = 148 - 168. What is the tens digit of (-150)/c*(-78)/(-5)?
1
Suppose 1363*k - 1376*k + 23985 = 0. What is the tens digit of k?
4
Let v = -7 - -11. Suppose -2*y = -v*b - 240, -2*b + 216 = 4*y - 2*y. What is the units digit of y?
2
Let o be (4/(-6))/(4/(-42)). Suppose -4*b = -5*t + 470 + 43, 2*t + b - 213 = 0. Suppose o*s - 2*s = t. What is the units digit of s?
1
Suppose 38*y - 24830 = 12*y. What is the hundreds digit of y?
9
Let m(w) = w**3 + 4*w**2 + 2*w - 8. Let x be m(-6). Let j = -48 - x. What is the units digit of j?
4
Let t(c) = 6*c**2 - 8*c - 212. What is the units digit of t(-22)?
8
Let u = -1410 + 2293. What is the hundreds digit of u?
8
Let f(y) = -y**2 + 9*y + 10. Let i(q) = -2*q**2 + 9*q + 9. Let s(c) = 4*f(c) - 3*i(c). Let z be s(-6). Let g = z - -12. What is the units digit of g?
3
Let q(z) = -9*z - 23. Let n be q(-3). What is the tens digit of (112/(-4) + n)/((-4)/26)?
5
Let o be -1*(1 - 1945/5). Suppose 4*j + 544 = 4*n - 204, -5*j = 2*n - o. What is the hundreds digit of n?
1
Let z(h) = -h + 2. Let m(g) = g**3 - 4*g**2 - 6*g + 7. Let t be m(5). Suppose -4*k = 0, k - 15 = 5*f - t*k. What is the units digit of z(f)?
5
Let d(n) = n**3 - 5*n**2 - 4*n + 4. Let p be d(6). Let w = 24 - p. Let u = 22 - w. What is the units digit of u?
4
Let o be ((-103)/4)/(1*1/(-4)). Let f = 88 + o. What is the units digit of f?
1
Let g(s) be the second derivative of s**5/20 + s**4/2 + 3*s**3/2 + 6*s**2 + 36*s. What is the units digit of g(-4)?
8
Let w(r) = r**2 - 9*r + 10. Let d be w(8). Suppose 6*k + 104 = d*k. Let o = k + 51. What is the tens digit of o?
2
Suppose 9*t - 2768 = t. Let i = t + -195. What is the tens digit of i?
5
Suppose 2*g + 4*l - 834 = 0, 44*g - 46*g + 3*l + 862 = 0. What is the units digit of g?
5
Let c(o) = o**3 + 2*o**2 + 19*o - 67. What is the units digit of c(8)?
5
Suppose -23*n = -34*n + 9768. What is the tens digit of n?
8
Let w(c) = -137*c**2 - 6*c - 3*c + 142*c**2. What is the units digit of w(5)?
0
Suppose 9*j - 4823 = 8*j + 4*o, 2*o + 24187 = 5*j. What is the hundreds digit of j?
8
Suppose -2*k = -11 - 105. Suppose -3*z + 77 + k = 0. What is the units digit of z?
5
Let t = 163 + -186. Let n be 1 - (7 + 1 + -1). Let u = n - t. What is the tens digit of u?
1
Let r = -7 - -2. Let b(z) = -z**2 - 5*z. Let w be b(r). Suppose w = 5*o - 5, -4*o = 5*q - 2*o - 7. What is the units digit of q?
1
Let c(d) = 3*d**3 - 4*d**2 + 2*d + 6. Let f = 5 + -7. Let a(y) = y**3 - 2*y**2 + y + 3. Let k(b) = f*c(b) + 5*a(b). What is the units digit of k(-3)?
9
Suppose 0 = 2*s - 17*s + 8610. What is the tens digit of s?
7
Suppose -1241 - 1591 = -8*r. What is the units digit of r?
4
Let o(c) = 6*c**2 - 6*c + 4. What is the tens digit of o(7)?
5
Let h(k) = -2*k - 1. Let s be h(-10). Let l = s - 15. Suppose 2*m = -4*n + 34, l*m = -2*n + 9 + 47. What is the tens digit of m?
1
Suppose -9*t - 15 - 3 = 0. Let y be (-56 + 1)/((-1)/(-8)). What is the tens digit of (1/t)/(5/y)?
4
Let g(n) = -16*n + 4. Let k(j) be the third derivative of -j**5/60 - j**3/6 - 7*j**2. Let m be k(-1). What is the units digit of g(m)?
6
Suppose 0 = 7*k - 5*t - 11156, -2*k - 4*t = -3*t - 3185. What is the thousands digit of k?
1
What is the units digit of -78*(1 + (-15)/(-1))*-1?
8
Let h(c) = -2*c - 6. Let w be h(-7). What is the units digit of (10/w)/(6/240)?
0
Let q(i) = 3565*i**2 - 16*i + 15. What is the tens digit of q(1)?
6
Let a(p) = p**3 - 7*p**2 - 20*p - 54. What is the hundreds digit of a(11)?
2
Suppose -d - f = -439, 0 = d + 4*f - 516 + 89. What is the tens digit of d?
4
Let k = -62 - -125. Suppose -126 = 3*y + k. Let m = -25 - y. What is the units digit of m?
8
Suppose -12*o = -13*o + 14. What is the units digit of o/(-21) - (-492)/9?
4
Let v(y) = -3*y**3 - 4*y**2 - 3. Let z be v(-4). Let b = z + 19. Suppose -4*s + 32 + b = 0. What is the units digit of s?
4
Suppose 0 = -0*q - q - 5*n, 3*q - 33 = -4*n. Suppose -2*f = q - 73. What is the units digit of f?
9
Let j(t) = 50*t**2 + 12 - t - 46*t**2 + 0*t. What is the units digit of j(7)?
1
Suppose 2*y - 1 = -v, 4*y - 8 = -y + 3*v. Let h be (7/21)/(y/18). What is the tens digit of h + -8 + 3*10?
2
Suppose 0 = 5*v - 5*s - 505, -s + 3 - 1 = 0. Let a = 169 - v. What is the units digit of a?
6
Let i(q) = 2*q + 6. Let f be i(10). Let a be ((-42)/49)/((-1)/7). Suppose a*h = 7*h - f. What is the tens digit of h?
2
Suppose -360 = -22*t + 7*t. Let k be 3/(-1 - 5/(-2)). Let l = t - k. What is the tens digit of l?
2
Let r = -1253 - -2123. What is the units digit of r?
0
Let r(s) = 31*s - 96. What is the units digit of r(25)?
9
Let m(a) = a**3 - 9*a**2 - a + 13. Let f be m(9). Let g = -6 + f. What is the units digit of (g - (-3 + 0))*11?
1
Suppose 0 = 5*x + 2*n - 94, 8*x = 3*x + 4*n + 112. Let b = x + -15. Suppose b*d = 29 + 306. What is the units digit of d?
7
Let z = -367 - -905. Suppose z - 110 = 4*u. What is the units digit